{"id":417,"date":"2020-04-15T19:08:30","date_gmt":"2020-04-15T17:08:30","guid":{"rendered":"http:\/\/duodecim.info\/grandeur_nature\/?page_id=417"},"modified":"2020-04-15T19:19:57","modified_gmt":"2020-04-15T17:19:57","slug":"ambiance","status":"publish","type":"page","link":"https:\/\/duodecim.info\/grandeur_nature\/ambiance\/","title":{"rendered":"Ambiance"},"content":{"rendered":"\n<p class=\"has-medium-font-size\"><strong>Le point sur le Royaume d&rsquo;Albion<\/strong><\/p>\n\n\n\n<p><span style=\"font-weight: 400; color: #297291;\">23\/01\/2020<\/span><\/p>\n\n\n\n<p style=\"text-align: justify;\">Isol\u00e9, oubli\u00e9, perdu, l\u2019ancien royaume d\u2019Angleterre a puis\u00e9 dans ses racines pour rena\u00eetre au Monde sous le nom d\u2019Albion. Le royaume est uni. Uni par un clerg\u00e9 ayant fait taire les anciennes querelles. Uni par un Parlement donnant \u00e0 chacun une voix \u00e0 la hauteur de sa contribution. Uni sous le r\u00e8gne d\u2019Henri IX, Roi d\u2019Albion par la gr\u00e2ce de Dieu, roi d&rsquo;Angleterre, de France et d&rsquo;Irlande, D\u00e9fenseur de la foi et de l&rsquo;\u00c9glise d&rsquo;Angleterre et aussi d&rsquo;Irlande sur Terre, Chef supr\u00eame, successeur d\u2019Elizabeth Gloriana,&nbsp; Reine des F\u00e9es et descendant d\u2019Arthur Pendragon.<\/p>\n<p style=\"text-align: justify;\">Cette union apparente r\u00e9sistera-t&rsquo;elle longtemps \u00e0 l&rsquo;arriv\u00e9e des pl\u00e9nipotentiaires sur l&rsquo;\u00eele d\u2019Avalon ?<\/p>\n\n\n\n<div class=\"wp-block-image\"><figure class=\"aligncenter size-large\"><img src=\"https:\/\/scontent-cdg2-1.xx.fbcdn.net\/v\/t1.0-9\/82622186_490763194976579_6602151997162389504_n.jpg?_nc_cat=110&amp;_nc_sid=a610ef&amp;_nc_ohc=yHJLocV1S0YAX8UNfOB&amp;_nc_ht=scontent-cdg2-1.xx&amp;oh=bf273bfcef72c259d63f3f2d0657b7b5&amp;oe=5EBD5399\" alt=\"\"\/><\/figure><\/div>\n\n\n\n<figure class=\"wp-block-image size-large\"><img loading=\"lazy\" width=\"600\" height=\"30\" src=\"https:\/\/duodecim.info\/grandeur_nature\/wp-content\/uploads\/2020\/04\/separateur.png\" alt=\"\" class=\"wp-image-424\" srcset=\"https:\/\/duodecim.info\/grandeur_nature\/wp-content\/uploads\/2020\/04\/separateur.png 600w, https:\/\/duodecim.info\/grandeur_nature\/wp-content\/uploads\/2020\/04\/separateur-300x15.png 300w\" sizes=\"(max-width: 600px) 100vw, 600px\" \/><\/figure>\n\n\n\n<p><span style=\"font-weight: 400; color: #297291;\">22\/01\/2020<\/span><\/p>\n\n\n\n<p class=\"has-medium-font-size\"><strong>Le point sur l&rsquo;Empire S\u00e9f\u00e9vide<\/strong><\/p>\n\n\n<p style=\"text-align: justify;\">Pour ne pas succomber sous son propre poids, le vaste Empire Perse est toujours en mouvement. Au pas de ses pionniers, la civilisation revient vers l\u2019ouest et avance, m\u00e9thodiquement, avant poste apr\u00e8s avant poste. Une seule foi, une seule arm\u00e9e, un seul empire unifiant tous les royaumes tomb\u00e9s en poussi\u00e8re : tel sera le don fait \u00e0 l\u2019univers par son Guide Parfait et Roi des rois, le Chahanchah Abbas<\/p>\n\n\n<div class=\"wp-block-image\"><figure class=\"aligncenter size-large\"><img src=\"https:\/\/scontent-cdg2-1.xx.fbcdn.net\/v\/t1.0-9\/82915495_490761814976717_6466755322114473984_n.jpg?_nc_cat=104&amp;_nc_sid=a610ef&amp;_nc_ohc=HzFGUHpe6wMAX85lrv1&amp;_nc_ht=scontent-cdg2-1.xx&amp;oh=8f9217443d10db366868575ebe1e919d&amp;oe=5EBC3C19\" alt=\"\"\/><\/figure><\/div>\n\n\n\n<figure class=\"wp-block-image size-large\"><img loading=\"lazy\" width=\"600\" height=\"30\" src=\"https:\/\/duodecim.info\/grandeur_nature\/wp-content\/uploads\/2020\/04\/separateur.png\" alt=\"\" class=\"wp-image-424\" srcset=\"https:\/\/duodecim.info\/grandeur_nature\/wp-content\/uploads\/2020\/04\/separateur.png 600w, https:\/\/duodecim.info\/grandeur_nature\/wp-content\/uploads\/2020\/04\/separateur-300x15.png 300w\" sizes=\"(max-width: 600px) 100vw, 600px\" \/><\/figure>\n\n\n\n<p><span style=\"font-weight: 400; color: #297291;\">21\/01\/2020<\/span><\/p>\n\n\n\n<p class=\"has-medium-font-size\"><strong>Lepoint sur l&rsquo;Empire Moghol<\/strong><\/p>\n\n\n\n<p style=\"text-align: justify;\"><span style=\"font-weight: 400;\">Le r\u00eave d\u2019Akbar, l\u2019union de tous peuples dans la religion de la Lumi\u00e8re, n\u2019est pas mort avec lui. Harcel\u00e9 sur ses fronti\u00e8res, frapp\u00e9 par la famine, l\u2019Empire Moghol reste puissant et s\u2019attache \u00e0 \u00e9tendre son influence dans les territoires presque d\u00e9serts et \u00e0 nouveau fertiles de l\u2019ancienne Europe. Si la n\u00e9gociation et le commerce sont ses armes privil\u00e9gi\u00e9es, il peut aussi frapper en dernier recours pour arriver \u00e0 ses fins. Son souverain, Shahab-ud-din Khurram n\u2019est il pas le Shah Jahan, le Roi du Monde ?<\/span><\/p>\n\n\n\n<div class=\"wp-block-image\"><figure class=\"aligncenter size-large\"><img src=\"https:\/\/scontent-cdt1-1.xx.fbcdn.net\/v\/t1.0-9\/82653982_490747018311530_2414106614916186112_n.jpg?_nc_cat=105&amp;_nc_sid=a610ef&amp;_nc_ohc=3Bpy61VKlEIAX8QPRBY&amp;_nc_ht=scontent-cdt1-1.xx&amp;oh=6624d3504a49c6f3d37af82252986891&amp;oe=5EBCC205\" alt=\"\"\/><\/figure><\/div>\n\n\n\n<figure class=\"wp-block-image size-large\"><img loading=\"lazy\" width=\"600\" height=\"30\" src=\"https:\/\/duodecim.info\/grandeur_nature\/wp-content\/uploads\/2020\/04\/separateur.png\" alt=\"\" class=\"wp-image-424\" srcset=\"https:\/\/duodecim.info\/grandeur_nature\/wp-content\/uploads\/2020\/04\/separateur.png 600w, https:\/\/duodecim.info\/grandeur_nature\/wp-content\/uploads\/2020\/04\/separateur-300x15.png 300w\" sizes=\"(max-width: 600px) 100vw, 600px\" \/><\/figure>\n\n\n\n<p><span style=\"color: #297291;\">20\/02\/2020<\/span><\/p>\n\n\n\n<p class=\"has-medium-font-size\"><strong>Le point sur la situation en 1650<\/strong><\/p>\n\n\n\n<p style=\"text-align: justify;\"><span style=\"font-weight: 400;\">1650. L&rsquo;Europe est un d\u00e9sert humain, une vaste for\u00eat d\u00e9peupl\u00e9e o\u00f9 subsistent \u00e7a et l\u00e0 des clairi\u00e8res de civilisation, fragiles et isol\u00e9es. Ici, deux empires (Moghols et S\u00e9f\u00e9vides) cherchent \u00e0 \u00e9tablir leurs racines et \u00e9tendent leurs vrilles. Il se font face, se jaugent, sans s&rsquo;affronter encore, que ce soit en souvenir de leurs anciennes alliances ou parce que chacun consid\u00e8re ses propres faiblesses masqu\u00e9es derri\u00e8re une apparence de force. L\u2019arriv\u00e9e d\u2019un nouvel acteur est sur le point de modifier ce fragile \u00e9quilibre.<\/span><\/p>\n\n\n\n<div class=\"wp-block-image\"><figure class=\"aligncenter size-large\"><img src=\"https:\/\/scontent-cdt1-1.xx.fbcdn.net\/v\/t1.0-9\/82787169_490745148311717_500067779622207488_n.jpg?_nc_cat=101&amp;_nc_sid=a610ef&amp;_nc_ohc=UHvtgI073msAX_IAnSc&amp;_nc_ht=scontent-cdt1-1.xx&amp;oh=38f6f7c73611e768239abbdb1e69b39a&amp;oe=5EBDF8B6\" alt=\"\"\/><\/figure><\/div>\n\n\n\n<figure class=\"wp-block-image size-large\"><img loading=\"lazy\" width=\"600\" height=\"30\" src=\"https:\/\/duodecim.info\/grandeur_nature\/wp-content\/uploads\/2020\/04\/separateur.png\" alt=\"\" class=\"wp-image-424\" srcset=\"https:\/\/duodecim.info\/grandeur_nature\/wp-content\/uploads\/2020\/04\/separateur.png 600w, https:\/\/duodecim.info\/grandeur_nature\/wp-content\/uploads\/2020\/04\/separateur-300x15.png 300w\" sizes=\"(max-width: 600px) 100vw, 600px\" \/><\/figure>\n\n\n\n<p><span style=\"color: #297291;\">14\/02\/2020<\/span><\/p>\n\n\n\n<p class=\"has-medium-font-size\"><strong>Fragments des Chroniques de l&rsquo;\u00cele Monde<\/strong><\/p>\n\n\n\n<p class=\"has-text-align-right\"><em>Journal de bord de la caraque \u201cBonne Fortune\u201d <\/em><\/p>\n\n\n\n<p style=\"text-align: justify;\"><span style=\"color: #993366;\"><em>Du dimanche 9 au lundy 10 avril 1545 <\/em><\/span><\/p>\n<p style=\"text-align: justify;\"><span style=\"color: #993366;\"><em>Appareillage \u00e0 la minuit, 15 hommes n\u2019ont pas rembarqu\u00e9. Apr\u00e8s une travers\u00e9e houleuse obligeant \u00e0 louvoyer vent debout de concert avec les trois autres navires du convoi, nous sommes rendus face aux murailles de Douvres bien apr\u00e8s les temps convenus pour l\u2019embarquement du pilote. La mer ne permettant la mise \u00e0 l\u2019ancre, d\u00e9cidons de tenter l\u2019approche sans pilote avec signaux et son de cor pour pr\u00e9venir de notre arriv\u00e9e. Mention de l\u2019objection de l\u2019homme de barre. Le fort brouillard a rendu la man\u0153uvre plus p\u00e9rilleuse encore et je rend gr\u00e2ce \u00e0 Dieu d\u2019avoir \u00e9vit\u00e9 la collision avec les autres navires. Feu d\u2019entr\u00e9e signal\u00e9 \u00e0 b\u00e2bord par la vigie, correction du cap. \u00c9quipage troubl\u00e9, la rade est silencieuse et il plane dans l\u2019air une forte odeur d\u2019incendie. Visibilit\u00e9 nulle, mettons chaloupe \u00e0 la mer pour atteindre le port.<\/em><\/span><\/p>\n\n\n\n<p>L\u2019\u00e9criture, auparavant assur\u00e9e devient plus heurt\u00e9e, comme \u00e9crite d\u2019une autre main<\/p>\n\n\n\n<p style=\"text-align: justify;\"><span style=\"color: #993366;\"><em>Que Dieu nou pardone. Avons tuer le capitaine et pris le navire, allons virer bors pour bors \u00e0 toute voile. Cargaison jet\u00e9 \u00e0 l\u2019eau pour all\u00e9ger la nef. Port en flamme. Cadavres sur tous les pontons. Ville maudite. Fanion de peste sur les murs.<\/em><\/span><\/p>\n\n\n\n<p class=\"has-text-align-right\"><em>[Journal retrouv\u00e9 le 11 avril 1545 sur l\u2019\u00e9pave de la Bonne Fortune.]<\/em><\/p>\n\n\n\n<p style=\"text-align: justify;\">Cette semaine, quatre autres navires partis pour l\u2019Angleterre ont \u00e9t\u00e9 perdus corps et bien. La compagnie des assurances d\u2019Anvers a recommand\u00e9 et obtenu que la route commerciale vers l&rsquo;Angleterre soit abandonn\u00e9e jusqu\u2019\u00e0 nouvel ordre.<\/p>\n\n\n\n<p> <\/p>\n\n\n\n<figure class=\"wp-block-image\"><img src=\"https:\/\/scontent-cdg2-1.xx.fbcdn.net\/v\/t1.0-9\/86408140_504916853561213_2560688488609480704_o.jpg?_nc_cat=100&amp;_nc_sid=730e14&amp;_nc_ohc=c-IiyBidp6UAX8q8NiF&amp;_nc_ht=scontent-cdg2-1.xx&amp;oh=51d18a1fe6f4d9268a1db53cad832513&amp;oe=5EBB2C9D\" alt=\"\"\/><\/figure>\n","protected":false},"excerpt":{"rendered":"<p>Le point sur le Royaume d&rsquo;Albion 23\/01\/2020 Isol\u00e9, oubli\u00e9, perdu, l\u2019ancien royaume d\u2019Angleterre a puis\u00e9 dans ses racines pour rena\u00eetre au Monde sous le nom d\u2019Albion. Le royaume est uni. Uni par un clerg\u00e9 ayant fait taire les anciennes querelles. Uni par un Parlement donnant \u00e0 chacun une voix \u00e0<\/p>\n","protected":false},"author":1,"featured_media":0,"parent":0,"menu_order":0,"comment_status":"closed","ping_status":"closed","template":"","meta":[],"_links":{"self":[{"href":"https:\/\/duodecim.info\/grandeur_nature\/wp-json\/wp\/v2\/pages\/417"}],"collection":[{"href":"https:\/\/duodecim.info\/grandeur_nature\/wp-json\/wp\/v2\/pages"}],"about":[{"href":"https:\/\/duodecim.info\/grandeur_nature\/wp-json\/wp\/v2\/types\/page"}],"author":[{"embeddable":true,"href":"https:\/\/duodecim.info\/grandeur_nature\/wp-json\/wp\/v2\/users\/1"}],"replies":[{"embeddable":true,"href":"https:\/\/duodecim.info\/grandeur_nature\/wp-json\/wp\/v2\/comments?post=417"}],"version-history":[{"count":14,"href":"https:\/\/duodecim.info\/grandeur_nature\/wp-json\/wp\/v2\/pages\/417\/revisions"}],"predecessor-version":[{"id":441,"href":"https:\/\/duodecim.info\/grandeur_nature\/wp-json\/wp\/v2\/pages\/417\/revisions\/441"}],"wp:attachment":[{"href":"https:\/\/duodecim.info\/grandeur_nature\/wp-json\/wp\/v2\/media?parent=417"}],"curies":[{"name":"wp","href":"https:\/\/api.w.org\/{rel}","templated":true}]}}